ppose -4*s = -3*f - 20 - 0, 5*s - 25 = -3*f. Let a(x) be the second derivative of x**4/6 - x**3 - x**2/2 - x - 13. What is a(s)?
19
Let y(t) = -t + 9. Let z = -124 - -131. Let w = 15 - z. Determine y(w).
1
Suppose -3*s - 5 = 2*x - 20, 5*x - 42 = -3*s. Let o(w) = w - 9. Give o(x).
0
Let g(c) = -5*c**2 + 11*c - 1. Let d(j) = 6*j**2 - 12*j. Let s(z) = 4*d(z) + 5*g(z). Let o(t) = -2*t**2 + 13*t - 9. Let w(q) = -2*o(q) + 5*s(q). Determine w(7).
7
Let u(x) = x. Let t(r) = -r + 2. Let f(j) = j - 3. Let w(v) = 4*f(v) + 5*t(v). Let o(y) = -2*u(y) + w(y). Determine o(3).
-11
Let w(h) = h**3 - 6*h**2 - 5. Let t(r) = 6*r - 6. Let p = -50 + 52. Let u be t(p). Give w(u).
-5
Let c(j) = j**2 - j - 1. Suppose -t = 11*t - 24. Give c(t).
1
Let l be -4 - ((4 - (0 - -1)) + -2). Let w(i) = 2*i - 6. What is w(l)?
-16
Let v(b) = -b**3 + 2*b**2 + 4*b + 4. Suppose 0 = -20*u + 27*u - 28. Determine v(u).
-12
Let z(r) = r - 17. Let g be ((-16)/12)/(-4)*(35 + -17). What is z(g)?
-11
Let j(p) = -p + 4*p - 15 + 9 + 8. Let o = -16 - -12. Give j(o).
-10
Let r(m) = -3*m + 1. Let y(k) = -4*k + 2. Let x(v) = 7*r(v) - 6*y(v). Suppose 55*t = -3*p + 56*t + 16, -5*p = -t - 24. Give x(p).
7
Let h be (-560)/(-128) - 3/8. Let v(g) be the second derivative of h*g + 3/2*g**3 + 0 + 1/12*g**4 + 2*g**2. What is v(-6)?
-14
Let m(c) = -c**3 + 2*c - 2. Let k be (46 + -48)*((-5)/2 - -1). Let l(x) = -4*x**3 + x**2 + 5*x - 6. Let o(n) = k*l(n) - 8*m(n). Calculate o(2).
-24
Let s(n) be the third derivative of 3*n**2 + 5/3*n**3 + 0 + 1/12*n**4 + 0*n. Determine s(-7).
-4
Let f(y) = -y + 4. Suppose -4*r + 5*g + 5 = 0, -4*r - 3*g - 2*g - 5 = 0. Suppose r = 5*x + 9 - 24. Suppose x*d - 6 = 5*d. Determine f(d).
7
Suppose -5*m = 2*g - 23, -3*m - 2*g = 2*g - 11. Suppose -11 + m = n. Let h(w) = w**2 + 7*w - 1. Determine h(n).
-7
Suppose -12*x + 3*x = -45. Suppose -l + 19 = 4*i, x*i - l - 40 = l. Let p(v) = -v**3 + 7*v**2 - 8*v + 1. Calculate p(i).
-11
Let p(f) = -f - 2. Let k be p(11). Let z be 1/(-4) - k/4. Suppose -3*a - h + 3 = 0, 3*a - z*h = -2*a + 19. Let v(g) = -g**3 + g**2 + 3*g - 3. Give v(a).
-1
Suppose 0*c - 3*c = -z + 20, -2*z = -2*c - 24. Let t(r) = 11*r**2 - 23*r**2 - z*r + 13*r**2. What is t(8)?
0
Suppose 0 = 5*u + 2*u - 266. Let c(t) = -t + u - t**3 - 38. Let i = 1 + -1. Determine c(i).
0
Suppose 16 = -31*d + 35*d. Let y(b) = -b**3 + 6*b**2 - 5*b - 1. Give y(d).
11
Suppose -2*p - 3*p = 15. Let i(k) = 6*k + 0*k + 5 + k. Let l(q) = 4*q + 3. Let b(f) = p*i(f) + 5*l(f). What is b(2)?
-2
Let z(t) be the third derivative of -t**7/2520 - t**6/720 + t**5/60 + 5*t**4/24 - 19*t**2. Let x(k) be the second derivative of z(k). Calculate x(0).
2
Let g = 60 - 57. Let m(s) = 2*s**3 - 4*s**2 + s. What is m(g)?
21
Let l(b) = -2 + 8*b - 1 + 4. Let t = 129 + -128. Determine l(t).
9
Let i(n) = -n - 5. Suppose 5*y - y - 4*d + 16 = 0, -y - 4 = 2*d. Give i(y).
-1
Suppose 2*m = -2*t - 4, 3*m - 10 = -0*m + 5*t. Let b(z) = -z**2 - z + 8. Give b(m).
8
Let y = 106 - 99. Let l(p) = -5*p + 30. Let q be l(y). Let x(d) = 5*d - 26. Let m(i) = 2*i - 9. Let c(v) = -8*m(v) + 3*x(v). What is c(q)?
-1
Let v(h) = 8*h + 1. Let t be v(-1). Let o(c) = -c - 25 + 45 - 22. Give o(t).
5
Suppose 0 = -4*m - 16, 0*p + 11 = p - 2*m. Let o(v) be the third derivative of -2*v**2 - 1/60*v**5 + 0*v + 0 + 2/3*v**p + 1/6*v**4. Calculate o(6).
-8
Let b(l) be the second derivative of l**5/20 + l**4/12 - 5*l**3/6 - 3*l**2/2 + 335*l. Let d be 2*4*(-3)/(-2). Suppose 2*z = -2*z - d. What is b(z)?
-6
Let d(t) be the first derivative of 2*t - 1 - t**2 - 1/3*t**3. Suppose -5*u = 4*r + 12, -18 = 4*u - 3*r + 4. What is d(u)?
-6
Let m(c) = c**3 - c**2 + 8. Suppose 2*i = u - 8, -28*u + 32*u - 2 = 2*i. Let a = -5 - -10. Let t = a + i. What is m(t)?
8
Let x(q) = -10*q - 2*q**2 + 24*q + 3 - 21*q. Let g(i) = 3*i**2 + 8*i - 4. Let d(m) = -5*g(m) - 6*x(m). Give d(2).
-6
Let w(z) = 2*z**2 + 26*z - 4. Let t be w(-13). Let u(q) = -5*q - 6. Give u(t).
14
Let c(q) be the third derivative of 0*q - 3*q**2 - 1/3*q**3 + 1/60*q**5 - 1/4*q**4 + 0. Let d(r) = r**3 + 5*r**2 + r + 8. Let y be d(-5). Calculate c(y).
-11
Let t(n) = -12 - n**2 + 18 - 4*n + 3*n**2 - n**2. Suppose 4*h = h + 48. Suppose 2*f - 8 = 0, b + 2*f + f = h. What is t(b)?
6
Suppose 2*f - 4 = 3*r + f, 4 = r + f. Let i(z) = 0 + 41*z + r - 38*z. Calculate i(2).
6
Let f(y) = -y**2 + y - 6. Let w(q) = q**2 - 1. Let z(t) = -t**3 - 13*t**2 - 7*t + 5. Let c(m) = -5*w(m) - z(m). Let d be c(-7). Calculate f(d).
-6
Let y(n) = -3 - 6*n**3 - n + 3. Let s = 256 - 255. Calculate y(s).
-7
Let j be -8 - -7 - (0 - 1). Suppose j = -2*k - k - 9, -3*r = 3*k. Let c(z) = -3*z**3 - 7*z**2 - z**r - 2*z + 3 + 3*z**3 - 5*z. Give c(-6).
9
Let j(l) = 10*l + 3. Let p(i) = -10*i - 4. Let c(k) = -3*j(k) - 2*p(k). Determine c(-1).
9
Let z(r) = 2*r - 3. Let p be 16*2/(8/(-14)) - 2. Let h = p - -54. Give z(h).
-11
Let l(d) = -d**2 - 2*d + 7. Suppose 3*z + 9 = -5*m, -5*m - 3*z = -8*m + 9. Determine l(m).
7
Let y(o) = 2*o**2 - 11*o - 22. Let g(f) = 4*f + 8. Let m(w) = -11*g(w) - 4*y(w). Determine m(1).
-8
Let f(n) = 6*n - 1. Let y = -44 - -56. Suppose y*v = 10*v + 2. Give f(v).
5
Let u(g) be the second derivative of -g**5/20 + g**4/2 - g**3 + 5*g**2/2 + g. Suppose 54 = 5*q + 4*q. Let l = 11 - q. Determine u(l).
0
Let h(s) = -7*s**3 + 4*s**2 - 10*s + 4. Let w(l) = -l - 3*l**3 - 3*l**3 + 5*l**3. Let v(p) = h(p) - 6*w(p). Let u be (-525)/(-50)*(-8)/(-14) - 3. What is v(u)?
1
Let y(h) = h**2 + 1. Let k(c) = -7*c**2 - 11*c - 9. Let o(w) = k(w) - 4*y(w). Let i(g) = 5*g**2 + 6*g + 7. Let v(q) = 9*i(q) + 4*o(q). Determine v(-8).
-5
Let z(u) = -u**2 - 8*u**2 - u**3 + 18*u - 20 - 4*u**2 - 5*u**2 + u**2. Calculate z(-18).
-20
Let k = -7 - -10. Let o(n) = 5 - 2*n + k*n - 2 + 2. What is o(-4)?
1
Suppose 0 = -g + 2 + 4. Let d(u) be the first derivative of -u**3/3 + 3*u**2 - 6*u - 39. Determine d(g).
-6
Let n(s) = s**2 + s - 1. Suppose 2*q + 3*x - 11 = -0*q, 0 = 5*q + x - 34. Suppose 0*o + q = -o. Let l(h) = h + 7. Let a be l(o). Calculate n(a).
-1
Let w(n) = n**3 + 4*n**2 - 6*n - 6. Suppose -13*u = -22*u - 45. What is w(u)?
-1
Let r(v) = -v**2 + v - 4. Suppose 40 = -2*z - 2*j, -59 = 3*z + 8*j - 4*j. Let x = z + 21. Calculate r(x).
-4
Let i(p) = p**2 + 9*p + 6. Let o(t) = 11*t + 92. Let h be o(-10). Let m(c) = -c**2 + 3. Let n be m(-4). Let k = h - n. What is i(k)?
-14
Let j(b) = -9*b**2 - 13*b + 6*b**2 - 5*b**2 + 13*b - 1. Let x be (2/4)/(-1)*18. Let m be 2/(-3)*x/(-6). Calculate j(m).
-9
Let j be -21 + 21 + 5 + 1. Let r(k) be the second derivative of -k**3/6 - 2*k**2 + k. Determine r(j).
-10
Let l(w) = 6*w - 2. Let v(p) = p**2 + p + 1. Let x(f) = l(f) - v(f). Let k be x(2). Let r(h) = -h + h**2 + 2*h - 6*h - k. Give r(4).
-7
Let n(z) = -120 + 60 - z + 52 - 2*z. Determine n(-6).
10
Suppose w + 6 = 8. Suppose 20 - 8 = w*r. Suppose 0*c = -3*c + r. Let m(j) = j**3 - 5*j**2 + 2*j - 1. Give m(c).
-9
Let j(m) = -2*m**3 + m**2 - 1. Let g(w) = 5*w**3 - 11*w**2 - 1. Let l(s) = g(s) + 3*j(s). Give l(-8).
-4
Let u(d) = d. Let n(b) = b - 6. Let o be n(6). Let w(g) = 6*g**2 + 4*g - 1. Let y be w(-2). Suppose o = 2*s + 7 - y. Give u(s).
4
Suppose -4 = -u + 6. Let x be 24/10 - 4/u. Let h(n) = 3*n**x - 5 - 6*n**2 + 4*n + 2*n**2. What is h(4)?
-5
Let y(r) = -9*r**2 - 20*r - 17. Let s(j) = 3*j**2 + 7*j + 6. Let l(f) = -17*s(f) - 6*y(f). Give l(-1).
2
Suppose -4*g - 9 = -1. Let s(c) = -7 + 10 - 3 + 2*c. Calculate s(g).
-4
Let s = -232 + 237. Let d(w) = -2*w**2 + 6*w - 2. What is d(s)?
-22
Let t(b) be the first derivative of 4*b - 1/2*b**2 + 14. What is t(-5)?
9
Suppose 4*x + 56 = 13*u - 18*u, -u + 14 = -x. Let j(n) = -n**2 - 10*n + 62. What is j(x)?
6
Let v(c) = -31*c**3 - 4*c - 32*c**3 - c**2 - 1 + c + 108*c**3 - 35*c**3. Determine v(-1).
-9
Suppose 32*k = 37*k + 35. Let x(m) = -m**2 - 7*m + 2. Let t be x(k). Let y(i) = -2*i**3 - 3 - 3*i - 3*i**t + 1 + i**3. Determine y(-2).
0
Let n(s) = -s**2 + 9*s - 3. Let d be -3 + 1 + 10/2. Suppose -h - 908 = -911. Suppose 0 = y - 5*t - 4, -h*y + 13 + 17 = d*t. Determine n(y).
-3
Let f(m) be the second derivative of -m**5/60 - 5*m**4/24 - m**3 + 33*m**2/2 + 4*m. Let o(v) be the first derivative of f(v). What is o(-4)?
-2
Let t = 1087 + -1087. Let p(y) = -y**3 + 21. Determine p(t).
21
Let m(j) = 5*j**3 - 2*j**2 - j + 15. Let z(b) = -9*b**3 